7 and 31.
31
What is the greatest common divisor of 25680 and 15826584?
2568
Calculate the greatest common factor of 20 and 813645.
5
What is the highest common divisor of 504528048 and 96?
48
Calculate the highest common divisor of 33 and 38911917.
33
Calculate the greatest common divisor of 5410545 and 255.
15
Calculate the greatest common divisor of 1251 and 1744311.
417
What is the greatest common factor of 136836 and 282114?
126
What is the highest common divisor of 1648 and 6742895?
103
What is the greatest common factor of 40 and 1587195?
5
Calculate the greatest common factor of 9730 and 27553414.
1946
What is the greatest common factor of 16733 and 1159193?
577
What is the highest common divisor of 50 and 154882190?
10
What is the highest common divisor of 7113163 and 9448?
1181
Calculate the highest common divisor of 51 and 1944411.
3
Calculate the greatest common divisor of 4620 and 6901140.
60
What is the greatest common factor of 155671133 and 1990?
199
What is the greatest common factor of 10130232 and 22848?
2856
What is the highest common divisor of 6497235 and 22095?
45
What is the greatest common divisor of 31944904 and 820?
164
Calculate the greatest common factor of 5452 and 556060384.
5452
What is the greatest common divisor of 7173 and 22560679?
797
What is the greatest common divisor of 366021320 and 58520?
5320
What is the highest common factor of 2021894 and 35326?
2078
Calculate the greatest common factor of 609 and 3593013.
87
What is the greatest common factor of 10116 and 2948722956?
10116
What is the greatest common divisor of 970287 and 187116?
1509
Calculate the greatest common divisor of 13061 and 2271202.
353
Calculate the highest common divisor of 924 and 3432924.
132
Calculate the highest common factor of 4569255 and 78765.
885
What is the highest common factor of 43578 and 280098?
162
Calculate the greatest common divisor of 1261 and 12211329.
13
Calculate the highest common factor of 1399703 and 10678633.
15727
Calculate the greatest common factor of 24 and 16046607.
3
What is the greatest common factor of 1177426 and 28724?
86
What is the highest common factor of 19570 and 2417370?
190
What is the greatest common factor of 300 and 3243660?
60
What is the greatest common factor of 13296 and 347366864?
4432
Calculate the greatest common divisor of 2112273 and 16501.
29
Calculate the highest common factor of 8320 and 1734655.
65
Calculate the highest common factor of 79905 and 106425.
15
Calculate the greatest common factor of 213131776 and 164.
164
Calculate the greatest common divisor of 25797 and 89885347.
8599
Calculate the highest common divisor of 64314096 and 56.
56
Calculate the greatest common divisor of 734052 and 18205.
11
Calculate the greatest common divisor of 30306942 and 18.
18
Calculate the greatest common factor of 209924 and 35750.
286
Calculate the greatest common factor of 104 and 10731812.
52
Calculate the highest common divisor of 57246 and 7615081.
1363
What is the greatest common factor of 455 and 1319815?
35
Calculate the greatest common divisor of 14628 and 6655372.
92
Calculate the highest common factor of 29118997 and 12123.
449
What is the highest common factor of 18734 and 218810916?
1102
What is the highest common factor of 253 and 25782471?
253
Calculate the highest common divisor of 2318087 and 33041.
1739
Calculate the greatest common divisor of 230 and 4065520.
10
What is the highest common divisor of 16851841 and 8303?
361
What is the greatest common factor of 54 and 3797757?
9
Calculate the highest common factor of 38650268 and 15584.
1948
What is the highest common factor of 18 and 15759909?
9
What is the highest common divisor of 24676960 and 80?
80
What is the greatest common factor of 64 and 115831504?
16
What is the highest common factor of 653678784 and 27390?
5478
Calculate the highest common divisor of 2871 and 5948415.
99
What is the greatest common divisor of 715 and 10872511?
13
Calculate the greatest common factor of 20106 and 2628.
18
What is the greatest common divisor of 20833242 and 9546?
258
What is the greatest common divisor of 85158 and 1550?
2
What is the greatest common factor of 175698 and 51858?
774
What is the highest common factor of 248588 and 23084?
116
What is the highest common divisor of 4 and 6869782?
2
Calculate the greatest common divisor of 378 and 2330879544.
378
Calculate the highest common divisor of 568 and 35535784.
568
Calculate the greatest common factor of 208 and 3130010.
26
Calculate the highest common factor of 1069058 and 8.
2
Calculate the highest common divisor of 78556000 and 492.
164
Calculate the highest common divisor of 107965 and 17527627.
1963
What is the highest common factor of 12668 and 208348?
4
What is the highest common factor of 5 and 26111?
1
What is the highest common factor of 575 and 858636?
23
Calculate the highest common factor of 140 and 9078244.
28
Calculate the highest common divisor of 130 and 33407140.
130
What is the greatest common divisor of 663625 and 97?
1
What is the greatest common factor of 615772 and 400132?
2396
Calculate the highest common factor of 217 and 14083517.
217
Calculate the highest common divisor of 44555 and 264985.
2345
What is the highest common divisor of 84 and 299900?
4
What is the highest common factor of 74730 and 1725605?
235
Calculate the highest common factor of 957 and 469601.
11
What is the greatest common divisor of 9480 and 41420253?
237
What is the highest common factor of 243 and 399339?
9
What is the greatest common divisor of 230028 and 2874?
6
What is the greatest common divisor of 4370 and 75486?
46
Calculate the highest common divisor of 293357597 and 611.
611
Calculate the highest common factor of 101422 and 2176648.
314
Calculate the highest common divisor of 2382572 and 30432.
1268
Calculate the highest common divisor of 282 and 253709.
1
What is the highest common factor of 543 and 447753?
3
Calculate the greatest common factor of 12577971 and 1302.
651
What is the greatest common factor of 101603 and 3?
1
What is the greatest common factor of 8029082 and 3964?
1982
Calculate the highest common factor of 12 and 4747734.
6
Calculate the highest common divisor of 780444 and 72.
36
What is the highest common factor of 1778834 and 11502?
142
Calculate the greatest common factor of 120547 and 3451.
119
What is the greatest common factor of 7005 and 5158015?
2335
Calculate the greatest common factor of 7728 and 36923280.
1104
Calculate the greatest common divisor of 1880865 and 3830823.
7677
Calculate the highest common divisor of 100 and 6862600.
100
Calculate the highest common factor of 11175336 and 26631.
2421
What is the greatest common divisor of 20105 and 5825?
5
What is the greatest common factor of 6929625 and 30?
15
What is the highest common factor of 2123028 and 24241372?
13876
What is the highest common divisor of 7120 and 87868810?
890
Calculate the highest common divisor of 3959 and 1149257.
37
Calculate the highest common factor of 5621696 and 153.
17
What is the greatest common factor of 121022360 and 440?
40
Calculate the highest common divisor of 2669 and 172618.
17
Calculate the highest common factor of 21936 and 47004.
12
Calculate the greatest common divisor of 3668 and 62064394.
1834
What is the greatest common factor of 290274 and 9494?
202
What is the greatest common divisor of 1024 and 782196?
4
What is the highest common divisor of 532 and 1731052?
76
What is the greatest common divisor of 33 and 3922263?
3
Calculate the highest common divisor of 176680954 and 548.
274
Calculate the highest common factor of 16422 and 960330.
714
Calculate the greatest common divisor of 7678781 and 2057.
2057
What is the highest common factor of 2069883 and 244213?
2371
Calculate the highest common factor of 16531704 and 423.
9
Calculate the greatest common divisor of 744 and 100506681.
93
Calculate the highest common divisor of 4 and 81557234.
2
Calculate the greatest common factor of 35012485 and 3503.
3503
Calculate the highest common factor of 76820104 and 479.
479
What is the highest common divisor of 2522088 and 688?
8
Calculate the highest common divisor of 51616 and 6364898.
3226
What is the highest common divisor of 799266 and 8762?
2